{"id":185,"date":"2021-10-30T19:31:33","date_gmt":"2021-10-30T19:31:33","guid":{"rendered":"http:\/\/cjbw.debijbelvoorjou.nl\/?page_id=185"},"modified":"2026-01-27T11:53:36","modified_gmt":"2026-01-27T11:53:36","slug":"seminar","status":"publish","type":"page","link":"https:\/\/www.christelijkjeugdwerk.nl\/de\/seminar\/","title":{"rendered":"Seminar"},"content":{"rendered":"<section id=\"wp-block-themeisle-blocks-advanced-columns-e7931e5c\" class=\"wp-block-themeisle-blocks-advanced-columns alignfull has-2-columns has-desktop-equal-layout has-tablet-equal-layout has-mobile-collapsedRows-layout has-vertical-top has-light-bg\"><div class=\"wp-block-themeisle-blocks-advanced-columns-overlay\"><\/div><div class=\"innerblocks-wrap\">\n<div id=\"wp-block-themeisle-blocks-advanced-column-311d4b3f\" class=\"wp-block-themeisle-blocks-advanced-column\">\n<p>Wir m\u00f6chten Sie auf die&nbsp;<strong>Bibelstudienseminare&nbsp;<\/strong>aufmerksam machen, die wir regelm\u00e4\u00dfig durchf\u00fchren. Wir halten es f\u00fcr sehr wichtig, dass wir alle die Bibel besser kennen lernen und uns gleichzeitig in einer entspannten Atmosph\u00e4re besser kennen lernen.&nbsp;<\/p>\n\n\n\n<p>In der Schule, bei der Arbeit, in deinen Beziehungen wirst du oft ziemlich stark (heraus)gefordert. Der Teufel wei\u00df, wie wichtig die Jugend ist, und lockt Sie (und uns alle) auf alle m\u00f6glichen hinterh\u00e4ltigen Arten, denn wer die Jugend hat, hat die Zukunft. Aber der Herr m\u00f6chte euch vor sich haben als die Generation, die bald aktiv das Zeugnis seiner Gemeinde fortsetzen wird. Wie sch\u00f6n w\u00e4re es, wenn junge Menschen, die durch die Gnade wissen ein Kind Gottes zu sein - darunter auch ihr (so hoffen wir!) - den Herrn Jesus mehr lieben und im Glauben wachsen w\u00fcrden, damit diese Generation den Staffelstab in der Kirche und in der Welt weitertragen kann.<\/p>\n\n\n\n<p>Da uns auch die vielen Menschen um uns herum am Herzen liegen, die den einzigen Erl\u00f6ser noch nicht kennen, wollen wir w\u00e4hrend jedes Seminars auch Zeit f\u00fcr Evangelisationen einplanen: Verteilung von T\u00fcr zu T\u00fcr, Aktionen in Einkaufszentren usw. Wir tun dies gerne in einer Stadt oder einem Dorf, wo wir einer kleinen Gemeinde helfen k\u00f6nnen.<\/p>\n<\/div>\n\n\n\n<div id=\"wp-block-themeisle-blocks-advanced-column-49224624\" class=\"wp-block-themeisle-blocks-advanced-column\">\n<figure class=\"wp-block-image size-full\"><img loading=\"lazy\" decoding=\"async\" width=\"445\" height=\"250\" src=\"https:\/\/www.christelijkjeugdwerk.nl\/wp-content\/uploads\/2021\/10\/2017-11-18-15-01-55_55-KLEIN-conferentie.jpg\" alt=\"\" class=\"wp-image-154\" srcset=\"https:\/\/www.christelijkjeugdwerk.nl\/wp-content\/uploads\/2021\/10\/2017-11-18-15-01-55_55-KLEIN-conferentie.jpg 445w, https:\/\/www.christelijkjeugdwerk.nl\/wp-content\/uploads\/2021\/10\/2017-11-18-15-01-55_55-KLEIN-conferentie-300x169.jpg 300w\" sizes=\"auto, (max-width: 445px) 100vw, 445px\" \/><\/figure>\n<\/div>\n<\/div><\/section>\n\n\n\n<h3 class=\"wp-block-heading\">UNTERST\u00dcTZUNG DIESER ARBEIT VON DEN GL\u00c4UBIGEN IN ALMELO<\/h3>\n\n\n\n<p>Diese Jugendarbeit wird mit der Unterst\u00fctzung und Zustimmung* der Gl\u00e4ubigen durchgef\u00fchrt, die in Almelo sich versammeln&nbsp;<a rel=\"noreferrer noopener\" href=\"http:\/\/www.christeneninalmelo.nl\/\" target=\"_blank\">Thorbeckelaan 1.<\/a>.<\/p>\n\n\n\n<p>Um ihre Unterst\u00fctzung f\u00fcr diese Arbeit auszusprechen, wurden 2009 und 2013 Briefe verschickt.<\/p>\n\n\n\n<h3 class=\"wp-block-heading\">ANK\u00dcNDIGUNG<\/h3>\n\n\n\n<p>Wenn der Herr es will, w\u00fcrden wir das n\u00e4chste Seminar gerne am Osterwochenende 2023 veranstalten, von<br><strong>03 april t\/m 06 april 2026<\/strong>. <br>Voor verdere informatie klik <a href=\"https:\/\/www.christelijkjeugdwerk.nl\/wp-content\/uploads\/2026\/01\/uitnodiging-Paas-seminar-Delden-04.26-versie-12.2025-def-1.pdf\" data-type=\"attachment\" data-id=\"2842\">hier<\/a><\/p>\n\n\n\n<section id=\"wp-block-themeisle-blocks-advanced-columns-6013fee3\" class=\"wp-block-themeisle-blocks-advanced-columns alignfull has-3-columns has-desktop-equal-layout has-tablet-equal-layout has-mobile-collapsedRows-layout has-vertical-flex-start has-light-bg\"><div class=\"wp-block-themeisle-blocks-advanced-columns-overlay\"><\/div><div class=\"innerblocks-wrap\">\n<div id=\"wp-block-themeisle-blocks-advanced-column-1a42e736\" class=\"wp-block-themeisle-blocks-advanced-column\">\n<div id=\"wp-block-themeisle-blocks-font-awesome-icons-620480cc\" class=\"wp-block-themeisle-blocks-font-awesome-icons\"><span class=\"wp-block-themeisle-blocks-font-awesome-icons-container\"><i class=\"fas fa-calendar-check\"><\/i><\/span><\/div>\n\n\n\n<h3 class=\"wp-block-heading has-text-align-center\">Vorank\u00fcndigung<\/h3>\n\n\n\n<p class=\"has-text-align-center\">Zo de Heer wil, willen we graag het volgende seminar organiseren in het paasweekeinde van 2026<\/p>\n<\/div>\n\n\n\n<div id=\"wp-block-themeisle-blocks-advanced-column-ea6d1956\" class=\"wp-block-themeisle-blocks-advanced-column\">\n<div id=\"wp-block-themeisle-blocks-font-awesome-icons-532d4370\" class=\"wp-block-themeisle-blocks-font-awesome-icons\"><span class=\"wp-block-themeisle-blocks-font-awesome-icons-container\"><i class=\"fas fa-info-circle\"><\/i><\/span><\/div>\n\n\n\n<h3 class=\"wp-block-heading has-text-align-center\">INFORMATIONEN ZUM SEMINAR<\/h3>\n\n\n\n<p class=\"has-text-align-center\"><a href=\"https:\/\/www.christelijkjeugdwerk.nl\/de\/informatie-seminar\/\" data-type=\"URL\" data-id=\"https:\/\/www.christelijkjeugdwerk.nl\/informatie-seminar\/\">Hier <\/a>finden Sie weitere Informationen \u00fcber das Seminar. Zum Beispiel: Thema, Ort, Kosten, Programm.<\/p>\n<\/div>\n\n\n\n<div id=\"wp-block-themeisle-blocks-advanced-column-6591118f\" class=\"wp-block-themeisle-blocks-advanced-column\">\n<div id=\"wp-block-themeisle-blocks-font-awesome-icons-da60ddc4\" class=\"wp-block-themeisle-blocks-font-awesome-icons\"><span class=\"wp-block-themeisle-blocks-font-awesome-icons-container\"><i class=\"fas fa-edit\"><\/i><\/span><\/div>\n\n\n\n<h3 class=\"wp-block-heading has-text-align-center\">Anmeldung<\/h3>\n\n\n\n<p class=\"has-text-align-center\">Klicken Sie hier, um sich anzumelden.<\/p>\n<\/div>\n<\/div><\/section>","protected":false},"excerpt":{"rendered":"<p>Steun van gelovigen in almelo Dit jeugdwerk wordt gedaan met steun en instemming* van de gelovigen die samenkomen in Almelo (Christelijke bijeenkomsten,&nbsp;Thorbeckelaan 1. Om hun steun voor dit werk uit te spreken zijn er in 2009 en 2013 brieven verstuurd. Aankondiging Zo de Heer wil zal het volgende seminar gehouden worden van03 april t\/m 06&hellip;&nbsp;<a href=\"https:\/\/www.christelijkjeugdwerk.nl\/de\/seminar\/\" rel=\"bookmark\">Weiterlesen &raquo;<span class=\"screen-reader-text\">Seminar<\/span><\/a><\/p>","protected":false},"author":1,"featured_media":273,"parent":0,"menu_order":0,"comment_status":"closed","ping_status":"closed","template":"","meta":{"neve_meta_sidebar":"","neve_meta_container":"","neve_meta_enable_content_width":"","neve_meta_content_width":0,"neve_meta_title_alignment":"","neve_meta_author_avatar":"","neve_post_elements_order":"","neve_meta_disable_header":"","neve_meta_disable_footer":"","neve_meta_disable_title":"","_themeisle_gutenberg_block_has_review":false,"footnotes":""},"class_list":["post-185","page","type-page","status-publish","has-post-thumbnail","hentry"],"_links":{"self":[{"href":"https:\/\/www.christelijkjeugdwerk.nl\/de\/wp-json\/wp\/v2\/pages\/185","targetHints":{"allow":["GET"]}}],"collection":[{"href":"https:\/\/www.christelijkjeugdwerk.nl\/de\/wp-json\/wp\/v2\/pages"}],"about":[{"href":"https:\/\/www.christelijkjeugdwerk.nl\/de\/wp-json\/wp\/v2\/types\/page"}],"author":[{"embeddable":true,"href":"https:\/\/www.christelijkjeugdwerk.nl\/de\/wp-json\/wp\/v2\/users\/1"}],"replies":[{"embeddable":true,"href":"https:\/\/www.christelijkjeugdwerk.nl\/de\/wp-json\/wp\/v2\/comments?post=185"}],"version-history":[{"count":23,"href":"https:\/\/www.christelijkjeugdwerk.nl\/de\/wp-json\/wp\/v2\/pages\/185\/revisions"}],"predecessor-version":[{"id":2846,"href":"https:\/\/www.christelijkjeugdwerk.nl\/de\/wp-json\/wp\/v2\/pages\/185\/revisions\/2846"}],"wp:featuredmedia":[{"embeddable":true,"href":"https:\/\/www.christelijkjeugdwerk.nl\/de\/wp-json\/wp\/v2\/media\/273"}],"wp:attachment":[{"href":"https:\/\/www.christelijkjeugdwerk.nl\/de\/wp-json\/wp\/v2\/media?parent=185"}],"curies":[{"name":"wp","href":"https:\/\/api.w.org\/{rel}","templated":true}]}}

<section id="wp-block-themeisle-blocks-advanced-columns-e7931e5c" class="wp-block-themeisle-blocks-advanced-columns alignfull has-2-columns has-desktop-equal-layout has-tablet-equal-layout has-mobile-collapsedRows-layout has-vertical-top has-light-bg"><div class="wp-block-themeisle-blocks-advanced-columns-overlay"></div><div class="innerblocks-wrap">
<div id="wp-block-themeisle-blocks-advanced-column-311d4b3f" class="wp-block-themeisle-blocks-advanced-column">
<p>Wir möchten Sie auf die&nbsp;<strong>Bibelstudienseminare&nbsp;</strong>aufmerksam machen, die wir regelmäßig durchführen. Wir halten es für sehr wichtig, dass wir alle die Bibel besser kennen lernen und uns gleichzeitig in einer entspannten Atmosphäre besser kennen lernen.&nbsp;</p>



<p>In der Schule, bei der Arbeit, in deinen Beziehungen wirst du oft ziemlich stark (heraus)gefordert. Der Teufel weiß, wie wichtig die Jugend ist, und lockt Sie (und uns alle) auf alle möglichen hinterhältigen Arten, denn wer die Jugend hat, hat die Zukunft. Aber der Herr möchte euch vor sich haben als die Generation, die bald aktiv das Zeugnis seiner Gemeinde fortsetzen wird. Wie schön wäre es, wenn junge Menschen, die durch die Gnade wissen ein Kind Gottes zu sein - darunter auch ihr (so hoffen wir!) - den Herrn Jesus mehr lieben und im Glauben wachsen würden, damit diese Generation den Staffelstab in der Kirche und in der Welt weitertragen kann.</p>



<p>Da uns auch die vielen Menschen um uns herum am Herzen liegen, die den einzigen Erlöser noch nicht kennen, wollen wir während jedes Seminars auch Zeit für Evangelisationen einplanen: Verteilung von Tür zu Tür, Aktionen in Einkaufszentren usw. Wir tun dies gerne in einer Stadt oder einem Dorf, wo wir einer kleinen Gemeinde helfen können.</p>
</div>



<div id="wp-block-themeisle-blocks-advanced-column-49224624" class="wp-block-themeisle-blocks-advanced-column">
<figure class="wp-block-image size-full"><img loading="lazy" decoding="async" width="445" height="250" src="https://www.christelijkjeugdwerk.nl/wp-content/uploads/2021/10/2017-11-18-15-01-55_55-KLEIN-conferentie.jpg" alt="" class="wp-image-154" srcset="https://www.christelijkjeugdwerk.nl/wp-content/uploads/2021/10/2017-11-18-15-01-55_55-KLEIN-conferentie.jpg 445w, https://www.christelijkjeugdwerk.nl/wp-content/uploads/2021/10/2017-11-18-15-01-55_55-KLEIN-conferentie-300x169.jpg 300w" sizes="auto, (max-width: 445px) 100vw, 445px" /></figure>
</div>
</div></section>



<h3 class="wp-block-heading">UNTERSTÜTZUNG DIESER ARBEIT VON DEN GLÄUBIGEN IN ALMELO</h3>



<p>Diese Jugendarbeit wird mit der Unterstützung und Zustimmung* der Gläubigen durchgeführt, die in Almelo sich versammeln&nbsp;<a rel="noreferrer noopener" href="http://www.christeneninalmelo.nl/" target="_blank">Thorbeckelaan 1.</a>.</p>



<p>Um ihre Unterstützung für diese Arbeit auszusprechen, wurden 2009 und 2013 Briefe verschickt.</p>



<h3 class="wp-block-heading">ANKÜNDIGUNG</h3>



<p>Wenn der Herr es will, würden wir das nächste Seminar gerne am Osterwochenende 2023 veranstalten, von<br><strong>03 april t/m 06 april 2026</strong>. <br>Voor verdere informatie klik <a href="https://www.christelijkjeugdwerk.nl/wp-content/uploads/2026/01/uitnodiging-Paas-seminar-Delden-04.26-versie-12.2025-def-1.pdf" data-type="attachment" data-id="2842">hier</a></p>



<section id="wp-block-themeisle-blocks-advanced-columns-6013fee3" class="wp-block-themeisle-blocks-advanced-columns alignfull has-3-columns has-desktop-equal-layout has-tablet-equal-layout has-mobile-collapsedRows-layout has-vertical-flex-start has-light-bg"><div class="wp-block-themeisle-blocks-advanced-columns-overlay"></div><div class="innerblocks-wrap">
<div id="wp-block-themeisle-blocks-advanced-column-1a42e736" class="wp-block-themeisle-blocks-advanced-column">
<div id="wp-block-themeisle-blocks-font-awesome-icons-620480cc" class="wp-block-themeisle-blocks-font-awesome-icons"><span class="wp-block-themeisle-blocks-font-awesome-icons-container"><i class="fas fa-calendar-check"></i></span></div>



<h3 class="wp-block-heading has-text-align-center">Vorankündigung</h3>



<p class="has-text-align-center">Zo de Heer wil, willen we graag het volgende seminar organiseren in het paasweekeinde van 2026</p>
</div>



<div id="wp-block-themeisle-blocks-advanced-column-ea6d1956" class="wp-block-themeisle-blocks-advanced-column">
<div id="wp-block-themeisle-blocks-font-awesome-icons-532d4370" class="wp-block-themeisle-blocks-font-awesome-icons"><span class="wp-block-themeisle-blocks-font-awesome-icons-container"><i class="fas fa-info-circle"></i></span></div>



<h3 class="wp-block-heading has-text-align-center">INFORMATIONEN ZUM SEMINAR</h3>



<p class="has-text-align-center"><a href="https://www.christelijkjeugdwerk.nl/de/informatie-seminar/" data-type="URL" data-id="https://www.christelijkjeugdwerk.nl/informatie-seminar/">Hier </a>finden Sie weitere Informationen über das Seminar. Zum Beispiel: Thema, Ort, Kosten, Programm.</p>
</div>



<div id="wp-block-themeisle-blocks-advanced-column-6591118f" class="wp-block-themeisle-blocks-advanced-column">
<div id="wp-block-themeisle-blocks-font-awesome-icons-da60ddc4" class="wp-block-themeisle-blocks-font-awesome-icons"><span class="wp-block-themeisle-blocks-font-awesome-icons-container"><i class="fas fa-edit"></i></span></div>



<h3 class="wp-block-heading has-text-align-center">Anmeldung</h3>



<p class="has-text-align-center">Klicken Sie hier, um sich anzumelden.</p>
</div>
</div></section>
